at is the remainder when 103 is divided by w(-7)?
19
Suppose s = 4*s - 21. Let n(d) = d**2 - 5*d + 5. What is the remainder when 75 is divided by n(s)?
18
Let f = -5 + 27. What is the remainder when f is divided by 6?
4
Suppose -16 = -0*h + 4*h. Let t be 1/(3/h + 1). Let d = t + 20. What is the remainder when d is divided by 13?
11
Let t = 39 + -25. Calculate the remainder when (-230)/(-6) + (-2)/(-3) is divided by t.
11
Let c(k) = k**3 - 7*k**2 + 4*k - 1. Let u be c(6). Let g = -9 - u. What is the remainder when 8 - -3 - (-1 + 2) is divided by g?
2
Suppose 0 = -4*y - 5*b - 23 - 28, y + 2*b + 12 = 0. Let z = y + 20. What is the remainder when z is divided by (0 + 2)/((-6)/(-9))?
0
Let r(j) = j - 1. Let c be r(3). Suppose -c*z - 26 = -4*u, 0*u + 37 = 5*u + 2*z. Calculate the remainder when 12 is divided by u.
5
Let t(c) = c**2 + 4*c + 5. Calculate the remainder when t(-7) is divided by 14*(-3 - 7/(-2)).
5
Suppose 35*u + 24 = 38*u. Suppose 3 = k - 0. What is the remainder when u is divided by k?
2
Suppose 12 = 4*i, 2*s + 3*i + i = 30. Calculate the remainder when s is divided by 2.
1
Suppose -42 = u - 45. Calculate the remainder when u is divided by 1.
0
Suppose d - 25 = -4*d. Suppose 5 = -b + 5*a - 1, -d*b + 5*a = -10. What is the remainder when b is divided by 3?
1
Let s(l) = l**2 - 14*l + 6. Let j be s(6). What is the remainder when 15 is divided by (8/6)/((-7)/j)?
7
Let m(n) = -29*n. Let b be m(-1). Let y = b + -13. What is the remainder when 45 is divided by y?
13
Suppose 2*o + 15 = 7*o. Let m = 31 - 20. Calculate the remainder when m is divided by o.
2
Suppose -s + 1 + 3 = 0, 3*q - s - 209 = 0. Suppose 2*y - 3*j - q = 0, 0 = 4*y - 0*y - j - 147. What is the remainder when y is divided by 10?
7
Calculate the remainder when 58 is divided by (0 - (1 + -21)) + 0.
18
Let x(k) = 3*k - 1. Calculate the remainder when 14 is divided by x(2).
4
Let z be 26/(-8) + (-1)/(-4). Let l(c) = 2*c - 1. Let j be l(z). Let u(f) = -4*f - 2. What is the remainder when u(j) is divided by 9?
8
Suppose 22 = y - 22. Calculate the remainder when y is divided by 25.
19
Suppose -j = -2*j + 12. Suppose 5*s + 190 = -335. Let u = -59 - s. Calculate the remainder when u is divided by j.
10
Suppose 3*f = -3*g + 66, 15 = 5*g + 2*f - 92. Suppose -5*o = 3*y - y - 7, 3*y = o + 36. What is the remainder when g is divided by y?
10
Suppose 3*j = 2*a + 2*j - 31, 4*j = -12. Suppose -16 = -3*i - q, -3 = -i - 2*q + 4. Calculate the remainder when a is divided by i.
4
Let n(s) = -6*s - 7. Let g be n(-7). Suppose g = -4*t + 171. Let x(z) = -3*z + 3. Calculate the remainder when t is divided by x(-2).
7
Suppose 2*v = -2*v + 4*x + 72, -5*v - 4*x + 54 = 0. Calculate the remainder when v is divided by (-2)/5*(80/(-1))/4.
6
Let z = -14 + 6. Let q(i) = i**2 + 6*i - 10. What is the remainder when 21 is divided by q(z)?
3
Let y = 127 - 20. Let t(n) = n + 27. What is the remainder when y is divided by t(0)?
26
Suppose 2*v - 36 = 2*s + 8, -3*v + 2*s + 63 = 0. Suppose 7*a = 66 + 193. What is the remainder when a is divided by v?
18
Let z = 14 - 13. Suppose 0 = -p + z + 1. What is the remainder when p is divided by 2?
0
Suppose 4*n - 28 = 20. Let u(p) = p**2 - 11*p + 16. Let d(f) = 2*f**2 + 2. What is the remainder when u(n) is divided by d(2)?
8
What is the remainder when 42 is divided by (-9)/(-12) + (-57)/(-4)?
12
Suppose 2*y - 4*q - 7 = 9, q + 19 = 3*y. Let n be ((-133)/(-14))/(2/4). Suppose 3*d - 32 = n. Calculate the remainder when d is divided by y.
5
Let c(a) = a**3 - a**2 - a + 25. Let g be c(0). Suppose 3*o = g + 62. What is the remainder when o is divided by 16?
13
Let l = 115 + -75. Let z(r) be the first derivative of -r**4/4 + 8*r**3/3 - 4*r**2 - 3*r - 1. What is the remainder when l is divided by z(6)?
19
Suppose -3*q + 4*q - 4*n - 30 = 0, 5*q = n + 150. Let x = 86 - q. Suppose -18 = -2*b + 20. What is the remainder when x is divided by b?
18
Let c(y) = -y**2 + 11*y - 2. Calculate the remainder when 15 is divided by c(10).
7
Suppose 4*q + 4*a = -276, -3*a + 118 = -0*q - 2*q. Let c = 40 + -20. Calculate the remainder when c is divided by 4/(-18) + q/(-9).
6
Let u = -2 - 5. Let g = 0 - u. Calculate the remainder when 26 is divided by g.
5
Calculate the remainder when 19 is divided by ((-6)/2 - 0) + 13.
9
Let k(f) = 4*f**2 + 3*f + 2. Let h be k(-2). Suppose -2*j - j + h = 0. Suppose x = -j*l + 37, 18 - 1 = 2*l - x. What is the remainder when 17 is divided by l?
8
Let r(c) = -2*c - 10. What is the remainder when (2 + (-22)/8)*-20 is divided by r(-9)?
7
Let z = -1 - 0. Let b(w) = -13*w**3 - w**2 + w + 1. Calculate the remainder when 35 is divided by b(z).
11
Let q(s) = 6*s + 1. Let d be q(-4). Let p = 37 + d. Calculate the remainder when 40 is divided by p.
12
Suppose 17 = 2*r - 25. What is the remainder when 57 is divided by r?
15
Suppose 2*i - 36 = n, -2*i + 5 + 25 = 2*n. Let m(t) = t**3 + 6*t**2 + 4*t - 4. Let x be m(-5). Let r = 10 - x. What is the remainder when i is divided by r?
8
Suppose -5 = -o + 4*h, -2*h + 8 = -2*o - 6. Suppose -6*w + 9*w - 54 = 0. Let b = o + w. Calculate the remainder when b is divided by 3.
1
Suppose 3*d - d - 14 = -l, 0 = -3*d + 4*l + 32. Let i = 17 + -14. What is the remainder when d is divided by i?
2
Let x(k) = 2*k**2 - 6*k - 6. Let c = 9 - 4. Calculate the remainder when x(5) is divided by c.
4
Let v be 4/26 + 1056/(-104). Let a be 4/v + 34/10. Suppose 0 = q - a*q - 3*m + 79, -2*m = -2*q + 64. What is the remainder when q is divided by 12?
11
Suppose 4*i - 36 = 2*a, 5 = -5*i - 4*a + 76. What is the remainder when i is divided by 5?
1
Let i(r) = 3*r**2 + 4*r - 5. Calculate the remainder when 78 is divided by i(-4).
24
Suppose 3*b - 4 = -a, -2*b = 3*b - 2*a - 25. Suppose 2*g - 17 = -b. Calculate the remainder when 13 is divided by g.
6
Let x(m) = 2*m - 9. Let a(j) = j**3 + 26*j**2 - 28*j - 23. What is the remainder when x(7) is divided by a(-27)?
1
Let w = 90 + -47. Let i(g) = g + 2. Let t be i(0). Let f(x) = 6*x + 3. Calculate the remainder when w is divided by f(t).
13
Let b = 17 - 7. Calculate the remainder when 29 is divided by b.
9
Let m(z) = 2*z**2 - 10*z + 9. Suppose -27 = -y - 63. Let n = -30 - y. What is the remainder when m(6) is divided by n?
3
Suppose 3*a - 4*b - 154 = 0, 4*a - 140 = 2*b + 62. Suppose -s - 5*n + 28 = -0*s, -5*s + 56 = -3*n. What is the remainder when (-1 - 1)/2 + a is divided by s?
10
Let n(b) = 12*b - 20. Calculate the remainder when n(6) is divided by 11.
8
Calculate the remainder when 53 is divided by 13 - 4 - 2*-1.
9
Suppose 4*m + 5*k - 45 = 0, 2 = -5*k - 13. What is the remainder when m is divided by 4?
3
Let p = 13 - 9. Suppose -9 = -5*k + 1. Suppose 0 = -k*u - 4*y - 2, -3*y + 3 = -3*u + 27. Calculate the remainder when u is divided by p.
1
Suppose 5*j = -28 - 77. Let c = -6 - j. Suppose -4*d + 0*d = -32. Calculate the remainder when c is divided by d.
7
Let u = 4 - -4. Let r(d) be the second derivative of 3*d**5/20 - d**4/12 + d**3/6 + d. What is the remainder when u is divided by r(1)?
2
Suppose 0*j - 4*j = -28. Suppose -145 = -j*o + 2*o. What is the remainder when o is divided by (-4)/(-2) + -2 - -15?
14
Let o(b) be the first derivative of -b**2 + 2*b - 3. What is the remainder when 38 is divided by o(-9)?
18
Calculate the remainder when -1 - (26/91 - 702/7) is divided by 25.
24
Let f(s) = 4*s + 6. Calculate the remainder when f(12) is divided by 19.
16
Let p(t) = t + 18. Let l(k) = k + 3. What is the remainder when p(0) is divided by l(4)?
4
Let k = 61 - 12. What is the remainder when k is divided by (-150)/(-9) + (-1)/(-3)?
15
Let c(f) = 50*f**2 - 6*f + 7. What is the remainder when c(1) is divided by 26?
25
Let a(o) = o**2 - 3*o + 2. Let v be a(3). Suppose -16 = v*i + 4. Let c = i - -18. What is the remainder when 31 is divided by c?
7
Suppose 4*g + 3*m = 2*m - 20, 2*g = -5*m - 28. Let i(p) = 0*p**2 + p**2 - 6 - 3*p + 3*p - 3*p. What is the remainder when i(g) is divided by 8?
6
Let z(k) = k**2 - 7*k - 3. Let g be z(-6). Suppose 4*y = -3*j + 76, g = 5*y - 3*j + 7. What is the remainder when y is divided by 6?
4
Suppose 4*g - y = 410, 0*y = -3*g + 5*y + 316. Calculate the remainder when g is divided by ((-26)/(-4))/((-2)/(-8)).
24
Let l(v) = -2 + 4*v + 2*v - 5*v + v**2. Let b(t) = -t**3 - 2*t**2 - 4*t - 3. Calcu